of t and j.
14
Suppose 0*a + a - 3*j = -9, 3 = -a + j. Let o(v) = -v**3 + 5. Let z be o(a). Suppose -z*u = 6 - 16. What is the greatest common divisor of u and 1?
1
Let k be 1/1 + 0/1. Suppose -k = -2*u + 3. Suppose -c = -u - 0. Calculate the highest common factor of c and 2.
2
Let f be (0 - -4) + 1 + -1. Suppose 5*d + 4*s = 40, d = f*d + 4*s - 24. Calculate the highest common divisor of 64 and d.
8
Let q(m) = 12*m**2 - 4*m - 3. Let k be q(-4). Calculate the greatest common factor of k and 82.
41
Suppose -2*f + 2*v = -v + 5, -4*f = -4*v. Suppose 40 = 2*d + 2*d. Calculate the highest common factor of f and d.
5
Suppose 3*o + 2*o + 18 = 4*a, 5*o = -5*a. Suppose -3*k + v = -0*v - 8, v = a*k - 6. Let s = 48 + -30. What is the greatest common factor of s and k?
2
Let z be (-4)/14 - 1870/(-77). What is the highest common divisor of z and 16?
8
Suppose 2*d + 22 = -4*q, q + d + 15 = -2*q. Let r = 11 + q. Calculate the highest common divisor of 7 and r.
7
Suppose 16 = 2*x + 2*x. Let p = 6 - x. Let k be ((-6)/(-9))/(2/15). What is the greatest common divisor of p and k?
1
Suppose -18 = -4*k - u, -5*k - 3*u + 6 = -13. What is the greatest common factor of k and 40?
5
Let g(z) = -3*z + 36. Let l be g(-16). Calculate the highest common divisor of 12 and l.
12
Let d be (-7 - -3)*(-5)/10. Suppose 2*o - d - 4 = 0. What is the greatest common divisor of o and 27?
3
Suppose -3*y = -4*y - 2*m + 8, 3*y = 2*m + 40. What is the greatest common factor of y and 12?
12
Suppose 11 - 1 = -5*v. Let g be -1 + 2 - v - -52. Calculate the highest common factor of g and 22.
11
Let n(z) = -z**3 + 6*z**2 - z - 10. Let w be n(5). What is the highest common divisor of 30 and w?
10
Suppose -5*s + 0*s + 2*k - 7 = 0, s + 5*k - 4 = 0. Let i be (-2 - -3)/s - -10. Calculate the highest common divisor of i and 63.
9
Let f = -16 - -18. What is the highest common factor of 8 and f?
2
Suppose g = 9 - 3. What is the highest common divisor of g and 42?
6
Let k = -26 + 16. Let s = k + 40. Let i = 45 - s. What is the greatest common divisor of 15 and i?
15
Suppose 3*n = 5*b, -5*n = -10*n - 3*b + 34. Let o be 20/6 - n/15. Suppose -z + 220 = o*z. What is the highest common factor of 5 and z?
5
Suppose -6*s + 85 + 5 = 0. Calculate the greatest common divisor of 60 and s.
15
Suppose -63 = -k - 3*i, -4*i - 5 - 3 = 0. Suppose 1 + k = 4*a - 3*y, -2*a = -5*y - 42. Calculate the highest common factor of 176 and a.
16
Let x(l) = -l**2 + l + 32. Let t be x(0). Suppose 2*d = t - 8. What is the highest common factor of d and 4?
4
Let z = -4 + -3. Let c = 0 + z. Let t = c + 10. What is the greatest common divisor of 24 and t?
3
Let d(x) = -4*x - 2. Let l be d(2). Let b be (-2 - l) + (-3 - -2). What is the highest common factor of 35 and b?
7
Suppose y = -3*l + 4*y + 15, 4*l - 17 = y. Suppose -l*h = r - 14, 2*r + 4*h - 8*h - 64 = 0. Calculate the highest common factor of r and 13.
13
Let k = -74 - -76. Calculate the highest common factor of 1 and k.
1
Let g = 128 + -46. What is the greatest common factor of 205 and g?
41
Let z(k) = -2*k**3 - 2*k**2 - 4*k - 3. Let j = -9 + 7. Let y be z(j). Let x = 128 - 24. Calculate the greatest common factor of y and x.
13
Let h be ((-4)/10)/((-1)/60). Suppose 5*f = 3*f + 18. Let c = 25 - f. Calculate the highest common factor of c and h.
8
Suppose s = -0*h + 2*h + 34, 0 = -4*s + 5*h + 121. Calculate the highest common factor of 6 and s.
6
Let v(i) = -i - 2. Suppose -2*z - 43 = 5*p, 6*p - 2*z = 4*p - 6. Let h be v(p). Calculate the greatest common factor of 1 and h.
1
Let d be 12 + (1/4)/((-2)/8). Calculate the highest common factor of 1 and d.
1
Let t(n) = -n + 13. Let l be t(9). Suppose r - 13 = -4*j, -l*r + 30 = 2*j + 6. What is the highest common factor of j and 8?
2
Let x = 15 + -12. Let v = 2 + x. Suppose 4*z = 2*z + 40. Calculate the greatest common factor of z and v.
5
Let o be (200/(-5))/(2/(-4)). What is the highest common divisor of 40 and o?
40
Let q(k) be the first derivative of 3/2*k**2 + 1/4*k**4 + 8/3*k**3 - 1 - k. Let x be q(-7). What is the greatest common factor of x and 18?
9
Let w be 22*(-7)/((-7)/(-2)). Let z be 3/(-1 - 47/w). Suppose 5*q = 4*q + 5*b - 1, -3*q + 17 = 5*b. Calculate the highest common factor of q and z.
4
Suppose 16*g + 60 = 19*g. Calculate the highest common factor of g and 30.
10
Let g(b) = -b**3 - 7*b**2 - 4*b + 7. Let x be g(-6). Let p be -1 + 15 + 2 + x. Calculate the highest common factor of 11 and p.
11
Let v(b) = -b**3 - 3*b**2 + 8*b + 4. Suppose 0 = d - 4 + 11. Let z be v(d). What is the greatest common factor of z and 16?
16
Suppose 6*d = 5*d + 16. What is the highest common factor of d and 40?
8
Suppose -80 = -0*k - 5*k. Let m = 45 - 13. Suppose 4*t = 2*t + m. What is the highest common factor of k and t?
16
Suppose 8 = -3*v - 1, 2*t = -3*v + 119. Let p(m) = -m**2 - 9*m. Let o be p(-8). Calculate the greatest common divisor of t and o.
8
Let q(x) = -63*x + 1. Suppose 2*v + 3*c - 7*c + 22 = 0, 0 = 3*v + 4*c - 17. Let g be q(v). What is the greatest common divisor of 8 and g?
8
Let i = 93 - 37. What is the greatest common factor of 14 and i?
14
Let m = -1 - -29. Suppose 56 + 84 = c. What is the highest common divisor of c and m?
28
Suppose i = -4, -3*i - i - 71 = -5*p. Let h be 1/(-3) - (-4)/(-6). Let z be (21 - h)*(-5)/(-2). What is the highest common divisor of z and p?
11
Let o(b) = -13*b - 29. Let i be o(-9). What is the highest common divisor of i and 8?
8
Let f = -2 - -3. Suppose -17 = -c + f. Suppose -5*x = -v + 15, 3*v - c = v + 4*x. Calculate the highest common divisor of v and 15.
5
Let k(h) = 7*h - 3*h - 11 + h**2 + 3. Let y be k(-7). What is the highest common divisor of y and 91?
13
Let u be -8 - 6/(2 + -5). Let d = u - -12. What is the highest common factor of 24 and d?
6
Suppose 22 = 3*t - 2. Let i(r) = r + 2. Let q be i(t). What is the greatest common factor of 20 and q?
10
Suppose -3*r = 2*r. Let i(p) = -p + 242. Let t be i(r). Calculate the highest common factor of t and 22.
22
Let v be (-372)/(-8) - 9/6. Let h be 1/((-1)/(-9) + 0). What is the greatest common factor of v and h?
9
Let f(u) = 2*u - 1. Let t be f(5). What is the greatest common divisor of t and 81?
9
Suppose 6*i - 3*i = 33. What is the greatest common factor of 11 and i?
11
Suppose o = 4 - 1. Suppose -162 = -o*c - 0*c. What is the greatest common divisor of 18 and c?
18
Suppose 8*d - 45 - 51 = 0. What is the greatest common factor of d and 3?
3
Let g be (-1)/((-18)/16 + 1). Let k be 12 + -16 + -2 + 37 + 1. What is the highest common divisor of g and k?
8
Let o be -2 + 0 + (-3 - 0). Let q(u) = u**2 + 2*u + 1. Let f be q(o). Calculate the greatest common divisor of 8 and f.
8
Suppose -5*q = z + 2*z + 35, 0 = 5*q - 5*z + 35. Let d = q + 10. Let t = 77 - 44. What is the greatest common divisor of d and t?
3
Suppose -6*r = -9*r + 27. Calculate the greatest common divisor of 3 and r.
3
Let q be (-368)/(-14) + 2/(-7). Let u be (-2)/(-15) + q/30. What is the highest common divisor of u and 9?
1
Suppose -30 = -3*c - 5*g + 2, -4*c + 2*g + 8 = 0. Let j be c - (-4 - (-2 + 0)). What is the greatest common divisor of 6 and j?
6
Let d be 60/(-28) + (-2)/(-14). Let j be -4 - -7 - 38/d. Suppose -o + 165 = 2*o - 2*z, 0 = 5*o + 4*z - 275. Calculate the highest common divisor of j and o.
11
Let y be ((-3)/(-9))/(3/18). Calculate the greatest common divisor of y and 18.
2
Suppose 0 = 2*m - m - 4. Suppose m = -0*y + y. What is the greatest common divisor of y and 4?
4
Suppose 5*g - 180 = 150. Suppose 5*n + 3*c = g, 14 = 5*n - 4*n + c. What is the greatest common factor of 96 and n?
12
Let h = -66 + 122. Let l = h + -1. What is the highest common factor of l and 11?
11
Let t be 3/(-6) + (-333)/(-6). What is the greatest common factor of 22 and t?
11
Let h(j) = 14*j**3 - j + 2. Let t be h(2). Suppose 3*s - 8 = 2*s - 4*p, 4*s - 4*p - t = 0. Calculate the highest common factor of s and 3.
3
Suppose -5*u + 5*r = -60, 6 - 24 = -u - r. Let p = -23 - 13. Let h = u - p. What is the highest common divisor of h and 34?
17
Let q = 446 - 230. What is the highest common divisor of 24 and q?
24
Suppose 105 = 3*j - 8*j. Let p = j + 34. What is the greatest common factor of p and 65?
13
Let d(k) = 3*k**2 - 5 + 2*k**2 - 3*k**2. Let o be d(-5). Calculate the greatest common facto